-5*v + 2*v = -9. Suppose 0 = -5*m + v*i + 43, 4*m - 34 = i + 6. List the prime factors of m.
11
Suppose 0 = -d + 3 + 25. What are the prime factors of d?
2, 7
Let q = 69 + -24. What are the prime factors of q?
3, 5
Let l(u) = -u + 3. Suppose -2*j + 3*f = -28, 28 = 3*j + 3*f - 4*f. Let c = -11 + j. What are the prime factors of l(c)?
2, 3
Suppose 3*w - 5 = 4. Suppose -w = g - 2*g. Suppose 9 = 3*j + 4*c + g, -5*c = -3*j + 6. What are the prime factors of j?
2
Let i(y) = -2*y**3 - 2 + 9*y + 1 + 0*y**3 - 7*y. List the prime factors of i(-2).
11
Suppose -4*s - v = -16, v = s - 0*v - 4. Suppose -3*k = 3*u - 72, 2*k - s*u = -k + 58. What are the prime factors of k?
2, 11
Let g = 18 - -2. Suppose g = 3*l - 13. What are the prime factors of l?
11
Let f be (-3)/(-6) + 148/(-8). Let p be 64/6 + (-6)/f. Suppose 2*j = j + p. List the prime factors of j.
11
Let b be (-6)/1*100/(-30). Suppose -4*r - 30 = -2*y, -y - 4*y = r - b. List the prime factors of y.
5
Let v(r) = r + 3. Suppose -5*y - 4*t - 31 = 0, -4*y + 2*y + 5*t = -14. Let o be v(y). Suppose 2*c - 5*c + 30 = o. What are the prime factors of c?
2, 5
Let n(l) = -l**3 - 7*l**2 + 8*l + 10. Let g be n(-8). Suppose -6*t + t - 10 = 0. What are the prime factors of (t + g/8)*-8?
2, 3
Let n(k) = -k**3 + 14*k**2 + k - 16. Let o be n(14). What are the prime factors of 57/(-2)*o/3?
19
Suppose 0 = -6*r + 2*r + 8. List the prime factors of r.
2
What are the prime factors of (212/(-18)*-3)/(10/15)?
53
Suppose 0*k - 4*k = -2*n - 384, -200 = -2*k - n. Suppose -4*f + 71 = 5*s, -s + 4*s = 5*f - k. List the prime factors of f.
19
Let w = -11 + 15. Suppose -4*a + 68 = w*j, 3*a - 4*j + j - 57 = 0. What are the prime factors of a?
2, 3
Suppose -4*x - 5*r = -1140, -4*x - 4*r = -2*x - 576. What are the prime factors of x?
2, 5, 7
Let h(v) = 35*v - 6. What are the prime factors of h(2)?
2
Suppose 5*g - 27 = -2. What are the prime factors of g?
5
Let o = -12 + 44. Let l = 1 - -7. Suppose -3*v + 20 + l = 4*m, -2*v + o = -4*m. What are the prime factors of v?
2, 3
Let f be (-206)/(-8) - (-1)/4. Let u = f + -13. List the prime factors of u.
13
Suppose -5*h = -0*h - 105. List the prime factors of h.
3, 7
Suppose 0 = -5*y - 72 + 192. What are the prime factors of y?
2, 3
Suppose 5*v - 34 = -14. Suppose -v*j = -34 - 18. What are the prime factors of j?
13
Suppose 13 = -p - 5*m - 29, 2*m - 48 = 2*p. List the prime factors of (-519)/p - (-8)/(-36).
19
Let q be 1/(-3) + (-6)/(-18). Suppose q*l = -5*l + 70. List the prime factors of l.
2, 7
Let j(u) = u + 9. Let d be j(0). What are the prime factors of (d/4)/(1/4)?
3
Suppose 2*o + 0 = -22. Let y = o - -37. List the prime factors of y.
2, 13
Suppose -4*j = -65 - 163. Let q = j - 33. List the prime factors of q.
2, 3
Suppose -4*z + 19 = -13. Let d(t) = 6*t**2 - 1. Let a be d(1). Suppose -3*i = a*m + 1, 14 + z = 4*i - 5*m. List the prime factors of i.
3
Let b(l) be the third derivative of 1/60*l**5 + 0*l - 7/6*l**3 + 2*l**2 + 1/8*l**4 + 0. List the prime factors of b(-5).
3
List the prime factors of (-1 + 6)*(22/10 + 0).
11
Let i = 2 - 2. Suppose -4*z + 5*v + 7 = 0, -z - 4*v = -i*v - 7. Suppose -z*o = 5*m - 0*m + 2, 3*m = 3*o + 18. What are the prime factors of m?
2
Suppose z - 1 = 3*p + 11, z - p = 6. Let r(y) = 10*y - 4*y + y**3 - z + 0*y**3 - 5*y**2. What are the prime factors of r(4)?
5
Let h(t) = t**3 - 5*t**2 + 5*t - 5. Let u be h(5). Let d be (-60)/(-8)*(-8)/6. Let y = u + d. What are the prime factors of y?
2, 5
Suppose 4 = 3*v - 11. Let u be (-7 + v)/(1/(-2)). Suppose u*c - 38 - 14 = 0. List the prime factors of c.
13
Let o = 2 + 5. Let l = o - 9. What are the prime factors of 42*2/(-12)*l?
2, 7
Let i = -13 + 25. Suppose 2*k + 0*k - i = 0. List the prime factors of k.
2, 3
Let f(k) be the second derivative of k**4/12 + 2*k**3/3 + 3*k**2 + 3*k. List the prime factors of f(-5).
11
Suppose -5*f = -s + 31 + 5, 2*f = -4. What are the prime factors of s?
2, 13
Let t be (-6)/(-9)*9/(-2). What are the prime factors of 18*(2/(-2))/t?
2, 3
Suppose 5 = 4*r - 3. List the prime factors of r.
2
Suppose 4*k + 2*a + 2 = 30, 4*k = 3*a + 28. What are the prime factors of k?
7
Let o(p) = p**2 + 7*p + 9. Let q be (5 + -1)*7/(-4). List the prime factors of o(q).
3
What are the prime factors of (-74)/185 - 48/(-10)*28?
2, 67
Let i(b) = -b**3 - b**2 - b - 2. List the prime factors of i(-3).
19
Suppose 4*d + 63 = 4*m - 73, 2*m - 72 = d. Let j = m + -14. What are the prime factors of 6/(-4)*j/(-2)?
2, 3
Let c(f) = -f**3 - 15*f**2 - 13*f + 9. What are the prime factors of c(-15)?
2, 3, 17
List the prime factors of (-3)/2 + ((-2058)/(-4))/7.
2, 3
Let o = 3 - 7. Let k(q) = -2*q - 6. List the prime factors of k(o).
2
Let b(w) = w**3 + w + 14. Let f be 3/9 + 1/(-3). List the prime factors of b(f).
2, 7
Let s(w) = -13*w - 21. List the prime factors of s(-16).
11, 17
Let g(l) = l**3 - 5*l**2 + 3. Let c be g(5). Suppose 0 = -c*w - 2*u - 26 + 75, -u = -5. What are the prime factors of w?
13
Suppose -6*f + 3*f + 927 = 0. List the prime factors of f.
3, 103
Let a(l) = -16*l - 2. What are the prime factors of a(-5)?
2, 3, 13
Let d = -8 + 8. Suppose 24 = -3*s + 7*s. Suppose d*r = -r + s. List the prime factors of r.
2, 3
Suppose 4*m - 16 = -0*m. What are the prime factors of m?
2
Let o = -7 + 9. Suppose o = -5*a + 27. List the prime factors of a.
5
Suppose -5*r = -133 + 3. List the prime factors of r.
2, 13
Suppose -2*b - 3*b + 450 = 0. What are the prime factors of b?
2, 3, 5
Let q(k) = k**3 - 3*k**2 + 2*k + 2. Let z = 21 - 19. What are the prime factors of q(z)?
2
List the prime factors of (-2)/(-4)*96*1.
2, 3
Let d = -52 + 38. Suppose 39 - 6 = f. Let h = f + d. What are the prime factors of h?
19
Let q = 48 - 21. What are the prime factors of q?
3
What are the prime factors of (-33)/(-99) - (-532)/6?
89
Suppose -q - 12 = -3*q. What are the prime factors of q?
2, 3
List the prime factors of (436/(-6))/(((-84)/18)/7).
109
Let b be 1/3 + (-8)/(-3). Suppose 4*h = h - b*n + 12, 0 = -3*h - 2*n + 13. Let l(y) = y**3 - 4*y**2 - 4*y. What are the prime factors of l(h)?
5
Suppose c + 4*j = -j + 20, 156 = 5*c - 3*j. Suppose 0 = b + 2*b - c. List the prime factors of b.
2, 5
Suppose 2*v + s + 2*s = 10, -2*s = -3*v + 2. Suppose 7*k - v*k - 165 = 5*z, -37 = -k + 2*z. What are the prime factors of k?
29
Let d = 72 + -42. What are the prime factors of d?
2, 3, 5
Suppose -4*o + o - p + 187 = 0, 5*p = -4*o + 253. What are the prime factors of o?
2, 31
What are the prime factors of 274/4*(-24)/(3 + -9)?
2, 137
Let b(h) = 4*h + 8. Let m be b(-6). Let l be 3/(-2)*m/(-4). What are the prime factors of l/2 - 14/(-1)?
11
Suppose 2*u + 7 = 2*a - 5, -4*u - 17 = 3*a. Let o be (2 - 10)*6/(-3 - 3). Suppose -o - a = -m. What are the prime factors of m?
3
Suppose 0 = -n - 0*n + 60. Suppose n = 4*d - 160. Suppose -5*v + d = -0*v. List the prime factors of v.
11
Let r be (2 + 0)/(1 - 0). Let d be (2/2)/((-2)/r). List the prime factors of 15/(1/2 - d).
2, 5
Let g(o) = o**3 + 6*o**2 + 3. Let t be g(-6). Let c(i) = 3*i**2 + 2*i + 1. What are the prime factors of c(t)?
2, 17
Let y = 147 - 86. What are the prime factors of y?
61
Let l be ((-15)/9 + 1)*69. Let u = 77 + l. What are the prime factors of u?
31
Suppose 0 = -5*s + s + 36. Let f(t) = -t + 11. List the prime factors of f(s).
2
Let b(m) = m - 7. Let i be b(3). List the prime factors of (-508)/(-16) - 1/i.
2
Suppose 25 = 6*l - l. Suppose -l*a = -4*a - 16. List the prime factors of a.
2
Let g(m) = m**3 + 9*m**2 + 8*m + 10. Let d be g(-8). Let x be d*(-2)/(-4) + -2. Suppose -3*y = -2*s, 5*y - 1 = 4*s - x. List the prime factors of y.
2
Let u = -22 + 3. What are the prime factors of 1/((-1)/(u + 1))?
2, 3
Let p(x) = x**2 - 4*x + 12. List the prime factors of p(7).
3, 11
Suppose -b + 1 + 25 = 0. What are the prime factors of b?
2, 13
Let m(f) = f**3 - 14*f**2 - 12*f - 38. What are the prime factors of m(16)?
2, 3, 47
Let y be 6/(-15) - 7/(-5). Suppose 5 = -t, 3*m - y - 22 = t. What are the prime factors of m?
2, 3
Let v = -2 - -6. Let j be 10/((-7)/(-28) - 21/(-12)). Suppose v*n - j = 47. What are the prime factors of n?
13
Suppose j + 1 = -3*l + 6, -3*j + 1 = 2*l. Suppose 0 = l*h - 5*h + 30. What are the prime factors of h?
2, 5
Suppose -x - 8 = -5*x. Suppose 3*a - a - x*m + 10 = 0, -a + 2*m 